).
9
Let o(k) = k**3 + 18*k**2 + k + 19. Let t be o(-18). Let i(n) = -31*n**3 - 2*n**2 + 1. Give i(t).
-32
Let s be (-6)/5*10/3. Let y(x) = x**3 + 5*x**2 + 7*x + 9. Let h be y(s). Let k be -1 - (-16)/12*h. Let n(i) = i**2 + 9*i + 4. What is n(k)?
-16
Let n(g) = -29*g**3 - g**2 + 6. Let i(q) = -28*q**3 - q**2 + 5. Let z(b) = -5*i(b) + 4*n(b). Calculate z(-1).
-24
Let u(y) = -y + 1. Let g(i) = 0*i + 0 - 7 + 1 + 3*i. Let q(r) = 4*r - 7. Let j(h) = 6*g(h) - 4*q(h). Let o(k) = j(k) + 4*u(k). Determine o(-5).
6
Let l(p) = -p**3 + 5*p**2 - 2*p - 3. Let f be (-5 + 11)/(3/2). What is l(f)?
5
Let y(z) = 19*z + 23*z + 18*z - 58*z - 17. Calculate y(11).
5
Let r(o) = -o + 4. Let n = 11 + -6. Suppose 0 = -n*w - 14 - 51. Let s = w + 18. What is r(s)?
-1
Let i(m) = 59 - 71 + 86*m - 87*m. Calculate i(0).
-12
Let z(t) be the second derivative of t**3/2 - 6*t**2 - 734*t. Give z(13).
27
Let x(k) = -5*k**2 - 5*k + 3. Let s(b) = b**2 - 5 + 6 + b - 1 + 1. Let c(v) = -6*s(v) - x(v). Calculate c(0).
-9
Let v = 1 - -8. Let u(w) = -8*w + 6*w - w**2 - v + 9*w. Let m = 5 - -2. Determine u(m).
-9
Let d(i) = -2*i**2 + 15*i + 11. Let n be d(8). Let o(v) = n - 4 + 2*v + v**2 - 3*v. Determine o(3).
5
Let b(w) be the third derivative of w**5/60 + w**4/12 - 7*w**3/6 + 240*w**2 + 2*w. Give b(-7).
28
Let j be (-3)/6 - (-17)/34. Let u(l) = -l**3. Calculate u(j).
0
Let u(g) = g**2 - 19*g - 28. Let m be u(21). Suppose -4*w + 2*d - 6 = 0, 4*w + 2 = 4*d - m. Let h(n) = -n**3 + n**2 - 2*n + 1. Give h(w).
-1
Suppose 2*d = -3*j - 0 + 10, 2*j - 3*d = 11. Suppose 1 = 3*x - 2*l, -2*x + l + j = -l. Let z(b) = -2*b + 0 + 3 - b**2 - 1. Determine z(x).
-1
Let o(y) be the third derivative of y**5/60 - y**4/8 + 55*y**2. What is o(5)?
10
Let b = -13 - -14. Let q(c) = -7*c - 12. Let j(w) = -8*w - 14. Let n(s) = 6*j(s) - 7*q(s). Calculate n(b).
1
Let n(k) = k**3 + 16*k**2 - k - 12. Let t be n(-16). Let m(a) be the first derivative of 2/3*a**3 + 0*a**2 + 1/4*a**t + 5 - a. Give m(1).
2
Let o(i) be the first derivative of -i**2/2 + 4*i - 46. Let u be o(-6). Let k(l) = -l + 10. Give k(u).
0
Let x(l) = -5*l**3 - 9*l**2 - 4*l + 4. Let u(w) = 9*w**3 + 18*w**2 + 7*w - 8. Let m(i) = -4*u(i) - 7*x(i). Calculate m(-9).
4
Let m(f) = f**2 - 6*f + 8. Let p be m(5). Let w(t) = t**2 + 0*t**3 - p*t**3 + 4*t - 3*t + 7*t**3. Give w(-1).
-4
Let p(v) be the first derivative of 8 - 1/2*v**2 + 7*v. Let m(z) = z - 18. Let f be m(22). Give p(f).
3
Let g(n) = -6*n + n**2 + 8*n + 6 + 6*n. Let l be (3 - 4 - -2) + -7. Calculate g(l).
-6
Let d(j) = 3*j - 2. Let k(w) = 37*w + 0 - 35*w - 1. Let a(r) = 3*d(r) - 5*k(r). Calculate a(-2).
1
Let q be 2 - (-13)/(39/66). Let p(c) = -2*c + 45. What is p(q)?
-3
Let d(s) = -2*s - 7. Let k be d(-8). Suppose -30 = -11*a + 8*a. Suppose -a*c + k*c = 2. Let q(o) = 3*o**2 + 2*o + 2. Calculate q(c).
10
Let l = -1586 + 1587. Let w(k) = 8*k**3 - 3*k**2 + 4*k - 2. Calculate w(l).
7
Let a(c) = -c**2 - 3*c + 2. Let x(p) = -p**3 + 8*p**2 - p + 11. Let m be x(8). Let n be 3*(-2 + m + -2). Calculate a(n).
2
Suppose 0 = 3*i + 2*i. Let r be (5 - 2) + (i - 0). Let g(y) = 2*y**2 - 1 + 4*y**2 - y + y**3 - r + 1. Calculate g(-6).
3
Let u(i) be the first derivative of -i**3/3 - i**2/2 + 7*i - 28. Determine u(7).
-49
Let i(d) be the first derivative of d**4/4 - 2*d**3 + 4*d + 3. Let v be (-4)/(-12) - 10/(-6). Suppose v*a = a + 6. Give i(a).
4
Let d(v) = -v**3 + v**2 + v - 2. Let j be 5 + -11 + 13 - 7. Give d(j).
-2
Let q(j) be the third derivative of -j**5/60 + 5*j**4/24 + 2*j**2. Let v be (-62)/(-4) - 27/18. Suppose -v = 4*u - 38. Calculate q(u).
-6
Let r(m) = m - 3. Let f be r(6). Let p(y) = y**f + 21*y - 4*y**2 - 46*y + 25*y. Calculate p(4).
0
Let g(r) = r + 2. Suppose -54 + 70 = -2*f. Determine g(f).
-6
Let l = -11 - -17. Let o(q) = -7*q - 9 + 0*q**2 - 3 + 7 + q**2. Calculate o(l).
-11
Let i(j) = 6*j. Let f(l) = 13*l - 1. Let s(u) = -2*f(u) + 5*i(u). Determine s(1).
6
Let c(r) = -5 + r + r**2 + 3 + 0. Let k(b) = b - 1. Let l(n) = c(n) - 6*k(n). Calculate l(3).
-2
Let l(q) = -3*q. Let u(t) = t**3 + 7*t**2 - 8*t + 3. Let a be u(-8). Suppose 2*c = -a*c + 50. Let r = 12 - c. Determine l(r).
-6
Let p(j) = 5 + j**2 + 2 - 3 - 2*j. Suppose -d + 5*d = 12. What is p(d)?
7
Let a = 3 + -3. Let x(v) be the second derivative of 0*v**3 + 0 + v - 1/2*v**2 - 1/12*v**4 - 1/20*v**5. Give x(a).
-1
Let u(n) be the first derivative of -n**3/3 - 2*n**2 + 4*n + 4. Let o be 24/3*1/(-2). Let l be u(o). Let q(h) = h**2 - 7*h. Determine q(l).
-12
Let k(l) = l - 2. Let w be k(-2). Suppose -b - 4*f = -3, -b - 3*f + 7*f = -3. Let v(y) = -b*y**2 + 24 - 19 + 3*y + 3*y + 4*y**2. What is v(w)?
-3
Suppose 21 = -28*u + 35*u. Let v(m) be the first derivative of 0*m - 13 - 7/2*m**2 + 1/3*m**u. What is v(5)?
-10
Let z(r) = -11*r + r**3 + 51 - 4*r + 13*r - 52 + 4*r**2. Calculate z(-4).
7
Let b(v) = -v**3 + 2*v**2 - 1. Let w(m) = 6*m**3 - 2*m**2 + 2*m + 8. Let f(z) = -5*b(z) - w(z). What is f(-8)?
13
Let h = 57 - 52. Let k(r) = -4*r + 11*r**2 - h - r**3 + 2*r**3 - 6*r**2. Determine k(-5).
15
Let i(u) = u + 11. Suppose -3*t - 18 = -9*t. Let g(s) = s**2 - 5*s + 1. Let w be g(t). Determine i(w).
6
Let j(u) be the third derivative of u**7/840 - u**6/60 - 3*u**5/40 + 5*u**4/24 - 2*u**3 + 15*u**2. Let v(h) be the first derivative of j(h). Give v(7).
-9
Let h = -126 - -113. Let f(u) = u**2 + 15*u + 17. Give f(h).
-9
Suppose 1 - 19 = -5*c + y, -3*y - 18 = -3*c. Let i(k) = -1 + 0*k - k - 4*k**3 - 10*k**c. Determine i(-1).
14
Let u(k) = -k**2 + 11*k - 13. Let x = 697 - 688. Determine u(x).
5
Suppose 0*q + 5 = -q, 4*q = -r - 20. Suppose r = z - 13 + 15. Let k(b) = b. What is k(z)?
-2
Let m(q) = -q**2 + q + 5. Let w(f) = -f**2 - 1. Let n(j) = -m(j) + 2*w(j). Suppose 10*u = 2*u. What is n(u)?
-7
Let p(v) = v**2 + 12*v + 14. Let y(s) = -s**2 - 2*s + 5. Let m be y(3). Let g be p(m). Let d(w) = -2*w - 6. Determine d(g).
6
Suppose -5*m + 30 - 20 = 0. Let x(y) = 3*y - 2. Let k(u) = -4*u + 3. Let c(g) = m*k(g) + 3*x(g). Determine c(-6).
-6
Let k(b) be the first derivative of -b**3/3 + 7*b**2/2 - 8*b + 260. What is k(7)?
-8
Let c(k) = -k**3 + k**2 - 10. Let t(f) = 4*f - 8. Let x be t(7). Let a be 0/(5/(x/(-8)) - -4). Determine c(a).
-10
Let x = -4 + 6. Suppose n = x*c - 3, 0 = 5*c + 3*n - 6 + 15. Let f(u) = c - 1 - u - 2 + 0*u. What is f(-6)?
3
Suppose 20*h + 60 + 40 = 0. Let z(d) = d - 12. Give z(h).
-17
Let u(h) be the first derivative of 0*h**2 - 5/24*h**4 + 8/3*h**3 + 2 - 1/360*h**6 + 1/120*h**5 + 0*h. Let q(f) be the third derivative of u(f). Calculate q(0).
-5
Suppose 8 - 24 = d - 4*j, 10 = 2*j. Let i(b) = 2*b + 3 - 2 + d*b. Let o be (-2 - -7)*(-1 - (-12)/10). Give i(o).
7
Let f(s) be the third derivative of -1/3*s**3 + 0*s - 1/60*s**6 + 0 + 51*s**2 - 1/60*s**5 + 1/24*s**4. Give f(-2).
8
Suppose 3*m - 21 = -n + 14, -2*n - 2 = 0. Let j(y) = -1 + 3*y**3 + 0 - 13*y + m*y + y**2. Let u be j(-1). Let c(a) = 5*a + 1. Determine c(u).
-9
Let c(x) be the first derivative of -x**4/4 - 8*x**3/3 - x**2/2 - 3*x - 90. Determine c(-8).
5
Let m = 18499 + -18494. Let t(h) = 8 - 1 + h**2 + 4*h - 2*h**2. What is t(m)?
2
Suppose 9 = 2*r - 19. Let g be -3 - -16 - ((-14)/2 - -5). Let s = g - r. Let y(j) = -j**2 - 1. Calculate y(s).
-2
Let r(p) = -11*p**2 + 14 + 13*p**2 + p**3 + 11*p - 12*p**2 - 4 - 3. Give r(9).
25
Let o(v) = 12*v**2 - 2*v + 1. Let c(n) = -n**2 + 6*n + 5. Let f be c(6). Let d(j) = j**3 - 6*j**2 + 2*j + 16. Let b be d(f). Give o(b).
11
Let z(p) = -p**2 + 6*p - 1. Let i = 93 + -88. Suppose -y + i*u = -4, -4 = -y - 3*u + 2*u. What is z(y)?
7
Suppose -17*t + 16*t + 2*x + 5 = 0, -t - 11 = 2*x. Let j(c) = -c**2 + 2. Give j(t).
-7
Let f(m) = 68*m + 8 - 157*m + 78*m - m**2. Give f(-11).
8
Let c(o) = 242*o**2 - 4*o + 2. Let w be c(1). Let z(g) = 239*g**2 - 5*g - w*g**2 + 4 + g. What is z(-6)?
-8
Let z(l) = l + 6. Let s be z(-4). Let a(w) = -162*w - w**3 + 5*w**s + 82*w + 78*w. Suppose b + 8 = 2*x - 0, 2*b - 20 = -5*x. Determine a(x).
8
Let b(o) = 3*o + 4. Let g(x) = -x**2 - 6*x + 13. Let l be 0/(8/4 - 0). Let s(q) = -q - 8. Let a be s(l). Let v be g(a). Determine b(v).
-5
Let c(m) = m**3 + 0*m**2 + 8*m - 7*m**2 - 5*m + 0*m**2 + 8 + 0*m**2. Calculate c(6).
-10
Suppose -63*i + 3 + 438 = 0. Let n(w) = -w**3 + 7*w**2 - 4*w + 6. Give n(i).
-22
Let g(j) be the first derivative of